?
0
What is the thousands digit of 27189?
7
What is the hundreds digit of 992?
9
What is the units digit of 30772?
2
What is the hundreds digit of 1098?
0
What is the thousands digit of 5611?
5
What is the units digit of 1693?
3
What is the tens digit of 9035?
3
What is the hundreds digit of 275?
2
What is the tens digit of 24804?
0
What is the units digit of 1991?
1
What is the tens digit of 1127?
2
What is the hundreds digit of 21019?
0
What is the hundreds digit of 6226?
2
What is the units digit of 9537?
7
What is the units digit of 3129?
9
What is the thousands digit of 6017?
6
What is the tens digit of 19878?
7
What is the units digit of 2489?
9
What is the hundreds digit of 10109?
1
What is the thousands digit of 64974?
4
What is the units digit of 5236?
6
What is the ten thousands digit of 64366?
6
What is the units digit of 726?
6
What is the tens digit of 56312?
1
What is the tens digit of 782?
8
What is the thousands digit of 14918?
4
What is the units digit of 4068?
8
What is the units digit of 8336?
6
What is the units digit of 525?
5
What is the thousands digit of 4103?
4
What is the units digit of 4127?
7
What is the hundreds digit of 636?
6
What is the units digit of 615?
5
What is the ten thousands digit of 75712?
7
What is the tens digit of 3487?
8
What is the thousands digit of 27467?
7
What is the tens digit of 2015?
1
What is the tens digit of 10061?
6
What is the units digit of 332?
2
What is the thousands digit of 54936?
4
What is the units digit of 13441?
1
What is the units digit of 664?
4
What is the hundreds digit of 3360?
3
What is the tens digit of 3094?
9
What is the tens digit of 30661?
6
What is the hundreds digit of 5071?
0
What is the ten thousands digit of 54149?
5
What is the thousands digit of 2997?
2
What is the tens digit of 1083?
8
What is the tens digit of 2018?
1
What is the hundreds digit of 883?
8
What is the tens digit of 12768?
6
What is the tens digit of 9976?
7
What is the hundreds digit of 25172?
1
What is the hundreds digit of 71024?
0
What is the units digit of 741?
1
What is the tens digit of 189?
8
What is the thousands digit of 12901?
2
What is the tens digit of 102?
0
What is the units digit of 20907?
7
What is the tens digit of 440?
4
What is the tens digit of 1774?
7
What is the tens digit of 1960?
6
What is the units digit of 48088?
8
What is the hundreds digit of 1390?
3
What is the units digit of 190?
0
What is the units digit of 9819?
9
What is the hundreds digit of 4683?
6
What is the units digit of 119025?
5
What is the hundreds digit of 24355?
3
What is the hundreds digit of 5595?
5
What is the thousands digit of 4682?
4
What is the thousands digit of 22255?
2
What is the hundreds digit of 2209?
2
What is the thousands digit of 2729?
2
What is the hundreds digit of 867?
8
What is the tens digit of 704?
0
What is the hundreds digit of 34487?
4
What is the tens digit of 3003?
0
What is the units digit of 52021?
1
What is the thousands digit of 3250?
3
What is the thousands digit of 65771?
5
What is the units digit of 85661?
1
What is the units digit of 33814?
4
What is the hundreds digit of 20603?
6
What is the thousands digit of 14697?
4
What is the thousands digit of 8743?
8
What is the ten thousands digit of 45613?
4
What is the hundreds digit of 944?
9
What is the units digit of 112?
2
What is the units digit of 10133?
3
What is the ten thousands digit of 16591?
1
What is the tens digit of 6657?
5
What is the units digit of 369?
9
What is the tens digit of 94404?
0
What is the thousands digit of 96083?
6
What is the thousands digit of 59338?
9
What is the ten thousands digit of 21189?
2
What is the hundreds digit of 1527?
5
What is the ten thousands digit of 11637?
1
What is the units digit of 126?
6
What is the units digit of 52395?
5
What is the units digit of 43218?
8
What is the thousands digit of 58535?
8
What is the tens digit of 27072?
7
What is the hundreds digit of 173957?
9
What is the tens digit of 45915?
1
What is the units digit of 1506?
6
What is the tens digit of 900?
0
What is the hundreds digit of 9916?
9
What is the units digit of 1659?
9
What is the units digit of 7968?
8
What is the units digit of 108930?
0
What is the thousands digit of 7557?
7
What is the tens digit of 10520?
2
What is the thousands digit of 2872?
2
What is the ten thousands digit of 22782?
2
What is the hundreds digit of 829?
8
What is the hundreds digit of 222?
2
What is the thousands digit of 7799?
7
What is the thousands digit of 6581?
6
What is the tens digit of 101507?
0
What is the tens digit of 14463?
6
What is the ten thousands digit of 13275?
1
What is the units digit of 599?
9
What is the units digit of 1783?
3
What is the units digit of 984?
4
What is the hundreds digit of 136412?
4
What is the ten thousands digit of 28892?
2
What is the hundreds digit of 15937?
9
What is the tens digit of 773?
7
What is the thousands digit of 42181?
2
What is the hundreds digit of 6324?
3
What is the hundreds digit of 127414?
4
What is the thousands digit of 25472?
5
What is the thousands digit of 133535?
3
What is the ten thousands digit of 37477?
3
What is the units digit of 52864?
4
What is the units digit of 4321?
1
What is the ten thousands digit of 16330?
1
What is the tens digit of 741?
4
What is the units digit of 9?
9
What is the hundreds digit of 137?
1
What is the thousands digit of 5092?
5
What is the units digit of 1783?
3
What is the units digit of 395?
5
What is the units digit of 473?
3
What is the ten thousands digit of 31503?
3
What is the tens digit of 358?
5
What is the hundreds digit of 7871?
8
What is the hundreds digit of 4221?
2
What is the thousands digit of 6331?
6
What is the hundreds digit of 571?
5
What is the tens digit of 3207?
0
What is the hundreds digit of 3305?
3
What is the tens digit of 816?
1
What is the units digit of 12291?
1
What is the tens digit of 80849?
4
What is the units digit of 17509?
9
What is the tens digit of 615?
1
What is the units digit of 64924?
4
What is the hundreds digit of 3249?
2
What is the tens digit of 521?
2
What is the thousands digit of 22392?
2
What is the units digit of 2719?
9
What is the thousands digit of 1398?
1
What is the units digit of 30099?
9
What is the units digit of 572?
2
What is the hundreds digit of 167?
1
What is the units digit of 7305?
5
What is the hundreds digit of 2612?
6
What is the units digit of 132766?
6
What is the tens digit of 162584?
8
What is the thousands digit of 4396?
4
What is the thousands digit of 4177?
4
What is the hundreds digit of 288?
2
What is the units digit of 22471?
1
What is the hundreds digit of 290?
2
What is the tens digit of 3419?
1
What is the hundreds digit of 21278?
2
What is the thousands digit of 98413?
8
What is the tens digit of 32?
3
What is the thousands digit of 6195?
6
What is the units digit of 1395?
5
What is the units digit of 8230?
0
What is the thousands digit of 26085?
6
What is the hundreds digit of 30740?
7
What is the hundreds digit of 4133?
1
What is the hundreds digit of 766?
7
What is the units digit of 1013?
3
What is the thousands digit of 5551?
5
What is the tens digit of 484?
8
What is the units digit of 11992?
2
What is the tens digit of 1127?
2
What is the units digit of 1132?
2
What is the thousands digit of 10209?
0
What is the ten thousands digit of 12807?
1
What is the units digit of 8893?
3
What is the tens digit of 43963?
6
What is the units digit of 81242?
2
What is the hundreds digit of 638?
6
What is the ten thousands digit of 33175?
3
What is the tens digit of 45585?
8
What is the tens digit of 2095?
9
What is the hundreds digit of 6205?
2
What is the thousands digit of 1663?
1
What is the tens digit of 16769?
6
What is the thousands digit of 1184?
1
What is the hundred thousands digit of 145501?
1
What is the thousands digit of 12979?
2
What is the ten thousands digit of 12913?
1
What is the hundreds digit of 122831?
8
What is the thousands digit of 12898?
2
What is the tens digit of 48261?
6
What is the ten thousands digit of 108053?
0
What is the thousands digit of 2001?
2
What is the tens digit of 6281?
8
What is the units digit of 73046?
6
What is the tens digit of 6786?
8
What is the ten thousands digit of 84572?
8
What is the u